{"id":97,"date":"2017-01-01T18:59:00","date_gmt":"2017-01-01T17:59:00","guid":{"rendered":"http:\/\/localhost:8888\/?page_id=97"},"modified":"2018-10-25T16:37:44","modified_gmt":"2018-10-25T16:37:44","slug":"sportstaetten","status":"publish","type":"page","link":"https:\/\/sg-zweidorf-bortfeld.de\/?page_id=97","title":{"rendered":"Sportst\u00e4tten"},"content":{"rendered":"<div class=\"wpb-content-wrapper\"><p>[vc_row][vc_column][vc_custom_heading text=&#8220;Sporthalle Bortfeld&#8220; font_container=&#8220;tag:h3|text_align:left&#8220; use_theme_fonts=&#8220;yes&#8220;][\/vc_column][\/vc_row][vc_row][vc_column width=&#8220;2\/3&#8243;][vc_gmaps link=&#8220;#E-8_JTNDaWZyYW1lJTIwc3JjJTNEJTIyaHR0cHMlM0ElMkYlMkZ3d3cuZ29vZ2xlLmNvbSUyRm1hcHMlMkZlbWJlZCUzRnBiJTNEJTIxMW0xOCUyMTFtMTIlMjExbTMlMjExZDI0NDAuMTA4NjUyNTAxOTI4JTIxMmQxMC40MDM5NDgxMTU3ODMxODklMjEzZDUyLjI5NTg4MjM2MDU2NjU4JTIxMm0zJTIxMWYwJTIxMmYwJTIxM2YwJTIxM20yJTIxMWkxMDI0JTIxMmk3NjglMjE0ZjEzLjElMjEzbTMlMjExbTIlMjExczB4NDdhZmY5ZDAyMGZlMWYwNyUyNTNBMHgzNmYxMmQ1NTEyNmIyOWFmJTIxMnNHZW1laW5kZSUyQldlbmRlYnVyZyUyQlNwb3J0aGFsbGUlMkJCb3J0ZmVsZCUyMTVlMCUyMTNtMiUyMTFzZGUlMjEyc2RrJTIxNHYxNDgzMjkzNjI3MzE4JTIyJTIwd2lkdGglM0QlMjI2MDAlMjIlMjBoZWlnaHQlM0QlMjI0NTAlMjIlMjBmcmFtZWJvcmRlciUzRCUyMjAlMjIlMjBzdHlsZSUzRCUyMmJvcmRlciUzQTAlMjIlMjBhbGxvd2Z1bGxzY3JlZW4lM0UlM0MlMkZpZnJhbWUlM0U=&#8220;][vc_column_text][\/vc_column_text][\/vc_column][vc_column width=&#8220;1\/3&#8243;][vc_media_grid element_width=&#8220;12&#8243; grid_id=&#8220;vc_gid:1540485438005-4193a054-694a-0&#8243; include=&#8220;218&#8243;][\/vc_column][\/vc_row][vc_row][vc_column][vc_column_text]<strong>Parkm\u00f6glichkeiten an der Sporthalle Bortfeld<br \/>\n<\/strong>41 Parkpl\u00e4tze stehen vor der Sporthalle in der Stra\u00dfe Opferh\u00f6fe zur Verf\u00fcgung. Bitte nicht vor den Grundst\u00fcckseinfahren der Bewohner parken.<\/p>\n<p><em>Hinweis f\u00fcr Reisebusse:<\/em><br \/>\nReisebusse sollten nicht in die Stra\u00dfe Opferh\u00f6fe fahren. Parken ist hier nicht m\u00f6glich.<\/p>\n<p><em>Weitere <a href=\"http:\/\/sg-zweidorf-bortfeld.de\/wp-content\/uploads\/2018\/10\/Anfahrt-.jpg\">Parkm\u00f6glichkeiten,<\/a> insbesondere f\u00fcr Busse:<\/em><br \/>\n\u2013 Bortfelder Stra\u00dfe (fu\u00dfl\u00e4ufig zur Halle)<br \/>\n\u2013 Lange Stra\u00dfe (Parallelstr. zur Opferh\u00f6fe). \u00dcber das Grundst\u00fcck Lange Str. 19 \u201eGrundschule Bortfeld\u201c\u00a0gibt es auf der rechten Seite einen Verbindungsweg f\u00fcr Fu\u00dfg\u00e4nger zur Sporthalle.[\/vc_column_text][vc_separator css=&#8220;.vc_custom_1483294796790{margin-top: 30px !important;margin-bottom: 30px !important;}&#8220;][\/vc_column][\/vc_row][vc_row][vc_column][vc_custom_heading text=&#8220;Sporthalle Wendeburg&#8220; font_container=&#8220;tag:h3|text_align:left&#8220; use_theme_fonts=&#8220;yes&#8220;][\/vc_column][\/vc_row][vc_row][vc_column width=&#8220;2\/3&#8243;][vc_gmaps link=&#8220;#E-8_JTNDaWZyYW1lJTIwc3JjJTNEJTIyaHR0cHMlM0ElMkYlMkZ3d3cuZ29vZ2xlLmNvbSUyRm1hcHMlMkZlbWJlZCUzRnBiJTNEJTIxMW0xOCUyMTFtMTIlMjExbTMlMjExZDM5MDA5LjQ1NDE1NTUwODY4JTIxMmQxMC4zNTk1MDIzMDM5Mjc5NjMlMjEzZDUyLjMzMjQ5NzMwNjY1Mjk3NSUyMTJtMyUyMTFmMCUyMTJmMCUyMTNmMCUyMTNtMiUyMTFpMTAyNCUyMTJpNzY4JTIxNGYxMy4xJTIxM20zJTIxMW0yJTIxMXMweDQ3YWZmOTg1NzhiNDBhNWQlMjUzQTB4ZmRiMGQ3OTg5MGUwZTU1ZiUyMTJzQXVlc2NodWxlJTIxNWUwJTIxM20yJTIxMXNkZSUyMTJzZGUlMjE0djE0ODMyOTQ0NjM2ODMlMjIlMjB3aWR0aCUzRCUyMjYwMCUyMiUyMGhlaWdodCUzRCUyMjQ1MCUyMiUyMGZyYW1lYm9yZGVyJTNEJTIyMCUyMiUyMHN0eWxlJTNEJTIyYm9yZGVyJTNBMCUyMiUyMGFsbG93ZnVsbHNjcmVlbiUzRSUzQyUyRmlmcmFtZSUzRQ==&#8220;][\/vc_column][vc_column width=&#8220;1\/3&#8243;][\/vc_column][\/vc_row]<\/p>\n<\/div>","protected":false},"excerpt":{"rendered":"<p>[vc_row][vc_column][vc_custom_heading text=&#8220;Sporthalle Bortfeld&#8220; font_container=&#8220;tag:h3|text_align:left&#8220; use_theme_fonts=&#8220;yes&#8220;][\/vc_column][\/vc_row][vc_row][vc_column width=&#8220;2\/3&#8243;][vc_gmaps link=&#8220;#E-8_JTNDaWZyYW1lJTIwc3JjJTNEJTIyaHR0cHMlM0ElMkYlMkZ3d3cuZ29vZ2xlLmNvbSUyRm1hcHMlMkZlbWJlZCUzRnBiJTNEJTIxMW0xOCUyMTFtMTIlMjExbTMlMjExZDI0NDAuMTA4NjUyNTAxOTI4JTIxMmQxMC40MDM5NDgxMTU3ODMxODklMjEzZDUyLjI5NTg4MjM2MDU2NjU4JTIxMm0zJTIxMWYwJTIxMmYwJTIxM2YwJTIxM20yJTIxMWkxMDI0JTIxMmk3NjglMjE0ZjEzLjElMjEzbTMlMjExbTIlMjExczB4NDdhZmY5ZDAyMGZlMWYwNyUyNTNBMHgzNmYxMmQ1NTEyNmIyOWFmJTIxMnNHZW1laW5kZSUyQldlbmRlYnVyZyUyQlNwb3J0aGFsbGUlMkJCb3J0ZmVsZCUyMTVlMCUyMTNtMiUyMTFzZGUlMjEyc2RrJTIxNHYxNDgzMjkzNjI3MzE4JTIyJTIwd2lkdGglM0QlMjI2MDAlMjIlMjBoZWlnaHQlM0QlMjI0NTAlMjIlMjBmcmFtZWJvcmRlciUzRCUyMjAlMjIlMjBzdHlsZSUzRCUyMmJvcmRlciUzQTAlMjIlMjBhbGxvd2Z1bGxzY3JlZW4lM0UlM0MlMkZpZnJhbWUlM0U=&#8220;][vc_column_text][\/vc_column_text][\/vc_column][vc_column width=&#8220;1\/3&#8243;][vc_media_grid element_width=&#8220;12&#8243; grid_id=&#8220;vc_gid:1540485438005-4193a054-694a-0&#8243; include=&#8220;218&#8243;][\/vc_column][\/vc_row][vc_row][vc_column][vc_column_text]Parkm\u00f6glichkeiten an der Sporthalle Bortfeld 41 Parkpl\u00e4tze stehen vor der Sporthalle in der Stra\u00dfe Opferh\u00f6fe zur Verf\u00fcgung. Bitte nicht vor den Grundst\u00fcckseinfahren der Bewohner parken. Hinweis f\u00fcr Reisebusse: Reisebusse sollten nicht in die Stra\u00dfe Opferh\u00f6fe fahren. Parken ist hier nicht m\u00f6glich. Weitere Parkm\u00f6glichkeiten, insbesondere f\u00fcr&hellip;&nbsp;<a href=\"https:\/\/sg-zweidorf-bortfeld.de\/?page_id=97\" class=\"\" rel=\"bookmark\">Weiterlesen &raquo;<span class=\"screen-reader-text\">Sportst\u00e4tten<\/span><\/a><\/p>\n","protected":false},"author":1,"featured_media":0,"parent":0,"menu_order":0,"comment_status":"closed","ping_status":"closed","template":"","meta":{"neve_meta_sidebar":"","neve_meta_container":"","neve_meta_enable_content_width":"","neve_meta_content_width":0,"neve_meta_title_alignment":"","neve_meta_author_avatar":"","neve_post_elements_order":"","neve_meta_disable_header":"","neve_meta_disable_footer":"","neve_meta_disable_title":"","footnotes":""},"class_list":["post-97","page","type-page","status-publish","hentry"],"_links":{"self":[{"href":"https:\/\/sg-zweidorf-bortfeld.de\/index.php?rest_route=\/wp\/v2\/pages\/97","targetHints":{"allow":["GET"]}}],"collection":[{"href":"https:\/\/sg-zweidorf-bortfeld.de\/index.php?rest_route=\/wp\/v2\/pages"}],"about":[{"href":"https:\/\/sg-zweidorf-bortfeld.de\/index.php?rest_route=\/wp\/v2\/types\/page"}],"author":[{"embeddable":true,"href":"https:\/\/sg-zweidorf-bortfeld.de\/index.php?rest_route=\/wp\/v2\/users\/1"}],"replies":[{"embeddable":true,"href":"https:\/\/sg-zweidorf-bortfeld.de\/index.php?rest_route=%2Fwp%2Fv2%2Fcomments&post=97"}],"version-history":[{"count":7,"href":"https:\/\/sg-zweidorf-bortfeld.de\/index.php?rest_route=\/wp\/v2\/pages\/97\/revisions"}],"predecessor-version":[{"id":1828,"href":"https:\/\/sg-zweidorf-bortfeld.de\/index.php?rest_route=\/wp\/v2\/pages\/97\/revisions\/1828"}],"wp:attachment":[{"href":"https:\/\/sg-zweidorf-bortfeld.de\/index.php?rest_route=%2Fwp%2Fv2%2Fmedia&parent=97"}],"curies":[{"name":"wp","href":"https:\/\/api.w.org\/{rel}","templated":true}]}}